- 7345793 - 925395. What is the units digit of h?
8
Let u = -10539 - -18780. What is the thousands digit of u?
8
Let c be 0/((-21 - -5)/(-8)). Suppose -f = -4*f - 5*q + 2164, -f + 4*q + 710 = c. What is the tens digit of f?
1
Let r(t) = 2*t**2 + 3*t - 5. Let d be r(-4). Suppose -3*n = -d, 4*a + 5*n = -34 + 187. What is the tens digit of a?
3
Let n(j) = 123*j + 30. Let l be n(-6). Let x = -232 - l. Suppose -x = -0*b - 7*b. What is the units digit of b?
8
Let p = 118 - 118. Suppose p = -11*l + 2633 + 3296. What is the units digit of l?
9
Suppose 2*c + 111126 = 2*g, -4*g + 5*c + 95696 = -126551. What is the tens digit of g?
6
Suppose -22*a + 279984 = 12*a - 22*a. What is the ten thousands digit of a?
2
Let c be ((-2)/2)/(4 + (-5397)/1351). Let z = -116 - c. What is the tens digit of z?
7
Suppose -26*j = -163296 - 203278. What is the thousands digit of j?
4
What is the tens digit of 7467 + 519/105 + (-54)/(-945)?
7
Let p = -90 + 93. Let g(v) = 17*v**2 - 6*v + 3. What is the tens digit of g(p)?
3
Let b(z) = 284*z**2 + 10*z - 19. Let w be b(4). Suppose -5*d + w = 3*y, 3*d - 2655 = -2*y + 83. What is the tens digit of d?
1
Suppose -18*v = -13*v + 5*r, -5*v = 3*r + 2. Let b(s) = 228*s**2 + 4*s + 7. What is the hundreds digit of b(v)?
2
Suppose -5*d = 5, -2*c - d + 2 = -3*d. Suppose -4*h + c*t + 2260 = 4*t, -2*h - 4*t + 1126 = 0. What is the hundreds digit of h?
5
Suppose -30*c - 413609 + 2349929 = 0. What is the hundreds digit of c?
5
What is the tens digit of (-10)/(-6) - 5280/(-72)?
7
Let s = -514 + 512. Let g(u) = -2*u - 1 - 2*u - u**2 - 2. What is the units digit of g(s)?
1
Suppose 0 = 5*g - f + 3*f - 724, 0 = -2*g + 3*f + 282. Let m = g - 82. Let l = -52 + m. What is the units digit of l?
0
Let o = -55 + 54. Let g(m) = -1475*m + 24. What is the units digit of g(o)?
9
Suppose u - 3863 = 4*p, -35*u + 11603 = -32*u + 2*p. What is the thousands digit of u?
3
Suppose 356960 + 613162 - 210528 = 51*z. What is the tens digit of z?
9
Let c be ((-12)/(-2) + 46)*1/4. Suppose -5*h + 4*j = 2, j + 4 - c = -3*h. Suppose o + 49 = 5*q - 56, h*q - 30 = -2*o. What is the tens digit of q?
2
Let k = 24482 + -14213. What is the ten thousands digit of k?
1
Let w = 1339 + -741. Suppose -2*p = -6 - 2, 2*k - w = -3*p. What is the units digit of k?
3
Let v be (2/4 + -2)*52/(-6). Let r(f) = f**3 - 7*f**2 - 25*f + 19. Let g be r(v). What is the tens digit of ((-1)/2)/((-6)/g)?
5
Let q = 913 - 324. What is the tens digit of q?
8
Suppose -3*j - 3*i = i + 71, -j + i = 33. Suppose 0 = -4*g + 8, 3*u + 44 = -2*u - 3*g. Let o = u - j. What is the tens digit of o?
1
Let u = 74941 - 37952. What is the thousands digit of u?
6
Suppose 0 = -2*i - 6 + 4. Let f(p) = 48*p**2 - 16*p - 15. What is the units digit of f(i)?
9
Let r(g) = 84*g**2 - g + 2. Let f be r(2). Let k(x) = -x**2 - 100*x + 197. Let p be k(2). What is the hundreds digit of 7/(117/f + 2/p)?
1
Suppose 3*v + 5*i - 1105 = -v, 0 = -5*v - 5*i + 1385. Suppose 2*t = t + v. Suppose 7*p = 2*p + t. What is the tens digit of p?
5
Let h be (-28)/35 + (-3138)/15. Let u be ((-1 + 3)*1)/((-7)/h). Suppose 5*x + 48 = 2*z - 16, 2*z - 4*x = u. What is the units digit of z?
2
Let l(f) be the second derivative of 23*f**3/3 - 71*f**2 + 106*f. What is the units digit of l(13)?
6
Let t(o) = -o**3 + 5*o**2 + 7*o + 12. Let d be t(6). Suppose -17*p = -d*p + 768. What is the tens digit of p?
6
Suppose -6*q = -5007 + 1695. Let w = 1217 - q. What is the units digit of w?
5
Suppose 35*f - 39*f - 3*s = -10843, 5*s = f - 2728. What is the units digit of f?
3
Suppose 2*k = 5*o + 37922, 0 = k - 7*o + 4*o - 18962. What is the units digit of k?
6
What is the units digit of (48/(-9) - -4)*(-99)/(-264)*-32288?
4
Let w = 31 - -12. Let p = w + -40. Suppose p*b - 125 = -2*b. What is the units digit of b?
5
Let b(t) = -229*t**2 + 13*t + 5. Let d(k) = 457*k**2 - 25*k - 9. Let z(x) = -11*b(x) - 6*d(x). Let j be z(1). Let s = -142 - j. What is the units digit of s?
5
Let g be 11/(55/2600) - 1. Let v = g - 346. What is the tens digit of v?
7
Suppose 5*i - 2412 = 788. Let l be (198/(-33) + (-33)/(-6))*-50. Suppose 29*k - i = l*k. What is the hundreds digit of k?
1
Let f(r) = -9374*r - 1347. What is the tens digit of f(-3)?
7
Let c = 44467 + -9733. What is the hundreds digit of c?
7
Suppose -2*r + 321 = -47. Suppose -v + r = -5*d, 2*v + d - 5*d - 368 = 0. Suppose g + v = 3*g + 4*w, -6 = 3*w. What is the units digit of g?
6
Suppose 35*p - 10*p - 162690 = -26*p. What is the tens digit of p?
9
Suppose -4*u + 5*w + 1411 = 0, -4*u + 0*w + 1456 = 4*w. Suppose 79 = -4*m + u. Suppose m = h - 161. What is the units digit of h?
1
Let n(h) be the third derivative of -h**6/36 - 23*h**5/120 + h**4/6 - 10*h**2. Let j(p) be the second derivative of n(p). What is the units digit of j(-6)?
7
Let u = 2423 - -4108. What is the units digit of u?
1
Let i be (3 - 1 - 0 - 9)*-10. Let o(h) = 55*h - i*h - 4 + 0*h**3 - 14*h**2 - h**3. What is the units digit of o(-13)?
2
Suppose 3*l + d - 3 = 4*d, 3*d - 39 = -4*l. Let z(v) = -2*v + 6. Let p be z(5). What is the units digit of -3 - ((-820)/l - p/6)?
3
Let g be 0 - (-56)/20 - (-2)/10. Suppose 3*w = -2*d + 791, -g*d + 434 + 715 = -3*w. What is the units digit of d?
8
Let y be (5/3)/(32/(-1920)). What is the thousands digit of y*(-4)/(32/82)?
1
Suppose -36 = 2*f - 4*x, -3*f = -8*f - 3*x - 64. Let n = 35 - f. What is the tens digit of n?
4
Let c(i) = -43*i**3 + 4*i**2 + 18*i + 83. What is the units digit of c(-6)?
7
Let z(p) = 604*p**2 - 203*p + 960. What is the ten thousands digit of z(5)?
1
Let c = 21233 + -6301. What is the hundreds digit of c?
9
Let a(b) = -3*b**2 + 8*b - 16. Let m(d) = 12*d**2 - 29*d + 63. Let u(t) = -9*a(t) - 2*m(t). What is the units digit of u(4)?
0
Let o = 62 + -56. Suppose -3*k + 5*m + 22 = 0, -o*k + 2*k - 4*m = -72. What is the units digit of (-24)/42 + (148/k - 2)?
8
Suppose 0 = -154772*j + 154785*j - 169117. What is the ten thousands digit of j?
1
What is the units digit of ((-28)/(-8))/(-7) - (-1059495)/138?
7
Suppose 0 = 17*a - 12*a - 185. Suppose 43 = -3*v + a. What is the hundreds digit of 3 + v*((-234)/4 + -2)?
1
Let d = 48974 + -34591. What is the thousands digit of d?
4
Let v(w) = -1523*w**3 - 16*w**2 - 15*w + 1. What is the hundreds digit of v(-1)?
5
Let k(s) be the third derivative of -s**5/60 - 19*s**3/6 - 4*s**2. Let d be k(13). Let o = -34 - d. What is the tens digit of o?
5
Let v(b) be the third derivative of b**5/15 + 13*b**4/24 + b**3/2 + 32*b**2. What is the tens digit of v(4)?
1
Suppose 0 = -5*j - 2*i + 79393, -12*j + 14*j + 5*i - 31732 = 0. What is the units digit of j?
1
What is the tens digit of 1*8/52 + (-131106)/(-78) + -9?
7
Let x(o) = 1904*o + 1266. What is the tens digit of x(11)?
1
Let k be -175*(-5)/(245/14). Suppose 0 = -k*l + 53*l - 1926. What is the units digit of l?
2
Let h(g) = -g**3 + g**2 - g. Let n be h(2). Let l be 12*n*(-39)/12. Let i = l - 121. What is the tens digit of i?
1
Suppose -18*p - 5702 = 16978. Let k = p + 2039. What is the hundreds digit of k?
7
Suppose -88960 = 86*l - 46*l - 45*l. What is the ten thousands digit of l?
1
Let c be (3 - (-54)/(-12))/(3/2). What is the tens digit of (61/(-7))/(c/7)?
6
Let r = -196 - -114. Suppose -4*w = -5*k - 564, 13*w - 3*k - 426 = 10*w. Let t = r + w. What is the units digit of t?
4
What is the hundreds digit of ((-49880)/602)/((-6)/609)?
4
Let p = -166125 - -233781. What is the ten thousands digit of p?
6
Let j(m) = -2713*m + 14343. What is the tens digit of j(-16)?
5
Let t = 2270 + -706. Suppose t + 3170 = 18*w. What is the tens digit of w?
6
Let f(l) = 39*l**2 + l - 45. Let n be (15/(-9))/5 - 187/51. What is the units digit of f(n)?
5
Let u = 99 - -15968. What is the hundreds digit of u?
0
Suppose 0 = -22*d + 27*d - 495. Let g = 145 + d. What is the hundreds digit of g?
2
Let t(c) = -c - 1. Let n be t(-6). Suppose -n*h - 1836 = 4*h. Let y = h - -334. What is the units digit of y?
0
Let p(h) = h**2 + 5*h - 24. Let g be p(3). Suppose -4*d - j + 1996 = 0, 0 = -g*d + 5*d + 3*j - 2495. What is the hundreds digit of d?
4
Let u be (1 - 2/6)/((-28)/(-6594)). What is the units digit of u + (-2*1 - (-7 - -8))?
4
What is the hundreds digit of (-20993442)/(-627) + 8/(-22)?
4
Let y = -89 - -51. Let h = -68 - y. What is the tens digit of 45/h - 47